23?
0
What is the ten thousands digit of 89601?
8
What is the units digit of 1776?
6
What is the units digit of 858?
8
What is the tens digit of 17218?
1
What is the units digit of 4895?
5
What is the hundreds digit of 2399?
3
What is the hundreds digit of 26117?
1
What is the hundreds digit of 2997?
9
What is the tens digit of 787?
8
What is the hundreds digit of 199?
1
What is the units digit of 281?
1
What is the hundreds digit of 16244?
2
What is the hundreds digit of 3333?
3
What is the hundreds digit of 526?
5
What is the hundreds digit of 4292?
2
What is the hundreds digit of 4131?
1
What is the hundreds digit of 113?
1
What is the thousands digit of 4222?
4
What is the tens digit of 141?
4
What is the tens digit of 283?
8
What is the hundred thousands digit of 164486?
1
What is the units digit of 19492?
2
What is the hundreds digit of 32517?
5
What is the thousands digit of 47653?
7
What is the units digit of 1083?
3
What is the ten thousands digit of 56152?
5
What is the units digit of 222?
2
What is the units digit of 27574?
4
What is the ten thousands digit of 14859?
1
What is the hundreds digit of 39873?
8
What is the units digit of 5419?
9
What is the tens digit of 3694?
9
What is the thousands digit of 8620?
8
What is the hundreds digit of 14524?
5
What is the thousands digit of 5090?
5
What is the tens digit of 3192?
9
What is the tens digit of 1104?
0
What is the units digit of 12782?
2
What is the units digit of 70?
0
What is the units digit of 1003?
3
What is the tens digit of 77630?
3
What is the tens digit of 16938?
3
What is the hundreds digit of 379?
3
What is the ten thousands digit of 18646?
1
What is the thousands digit of 5713?
5
What is the units digit of 1259?
9
What is the tens digit of 2350?
5
What is the thousands digit of 12352?
2
What is the thousands digit of 9416?
9
What is the tens digit of 1307?
0
What is the hundreds digit of 1175?
1
What is the units digit of 6041?
1
What is the units digit of 3494?
4
What is the hundreds digit of 70294?
2
What is the tens digit of 574?
7
What is the thousands digit of 1959?
1
What is the tens digit of 9936?
3
What is the thousands digit of 22869?
2
What is the hundreds digit of 60244?
2
What is the hundreds digit of 130924?
9
What is the thousands digit of 13473?
3
What is the hundreds digit of 1487?
4
What is the units digit of 21577?
7
What is the units digit of 870?
0
What is the thousands digit of 2263?
2
What is the thousands digit of 11569?
1
What is the hundreds digit of 14451?
4
What is the thousands digit of 1016?
1
What is the units digit of 2062?
2
What is the units digit of 2386?
6
What is the ten thousands digit of 17252?
1
What is the units digit of 694?
4
What is the hundreds digit of 9924?
9
What is the tens digit of 248?
4
What is the thousands digit of 1717?
1
What is the thousands digit of 1323?
1
What is the tens digit of 84427?
2
What is the tens digit of 19612?
1
What is the units digit of 2517?
7
What is the hundreds digit of 1143?
1
What is the ten thousands digit of 25257?
2
What is the tens digit of 98650?
5
What is the ten thousands digit of 22503?
2
What is the units digit of 51874?
4
What is the hundreds digit of 6936?
9
What is the hundreds digit of 2722?
7
What is the tens digit of 16222?
2
What is the units digit of 6758?
8
What is the hundreds digit of 24960?
9
What is the units digit of 1637?
7
What is the tens digit of 3273?
7
What is the units digit of 3513?
3
What is the hundreds digit of 397?
3
What is the thousands digit of 1777?
1
What is the tens digit of 6099?
9
What is the units digit of 4819?
9
What is the thousands digit of 61611?
1
What is the tens digit of 3912?
1
What is the hundreds digit of 7229?
2
What is the thousands digit of 54977?
4
What is the units digit of 2149?
9
What is the ten thousands digit of 30862?
3
What is the tens digit of 154923?
2
What is the hundreds digit of 5926?
9
What is the thousands digit of 78935?
8
What is the tens digit of 2116?
1
What is the ten thousands digit of 35632?
3
What is the tens digit of 9532?
3
What is the hundreds digit of 76902?
9
What is the hundreds digit of 2525?
5
What is the hundreds digit of 7425?
4
What is the ten thousands digit of 13458?
1
What is the thousands digit of 4593?
4
What is the thousands digit of 1464?
1
What is the units digit of 5705?
5
What is the hundreds digit of 734?
7
What is the units digit of 2670?
0
What is the tens digit of 19315?
1
What is the tens digit of 603?
0
What is the units digit of 344?
4
What is the tens digit of 2044?
4
What is the hundreds digit of 1135?
1
What is the hundreds digit of 19234?
2
What is the tens digit of 3828?
2
What is the tens digit of 6209?
0
What is the hundreds digit of 1431?
4
What is the ten thousands digit of 10102?
1
What is the hundreds digit of 99436?
4
What is the units digit of 405?
5
What is the hundreds digit of 16402?
4
What is the hundreds digit of 7719?
7
What is the hundreds digit of 1939?
9
What is the hundreds digit of 558?
5
What is the tens digit of 22853?
5
What is the units digit of 791?
1
What is the ten thousands digit of 14136?
1
What is the units digit of 3358?
8
What is the thousands digit of 2576?
2
What is the hundreds digit of 896?
8
What is the hundreds digit of 4834?
8
What is the hundreds digit of 25131?
1
What is the hundreds digit of 8341?
3
What is the tens digit of 1157?
5
What is the thousands digit of 66860?
6
What is the thousands digit of 6341?
6
What is the thousands digit of 5131?
5
What is the thousands digit of 68058?
8
What is the units digit of 2865?
5
What is the units digit of 1928?
8
What is the ten thousands digit of 54334?
5
What is the units digit of 37?
7
What is the tens digit of 2446?
4
What is the ten thousands digit of 32319?
3
What is the hundreds digit of 2041?
0
What is the hundreds digit of 3004?
0
What is the units digit of 932?
2
What is the hundreds digit of 890?
8
What is the ten thousands digit of 41893?
4
What is the thousands digit of 2626?
2
What is the hundreds digit of 671?
6
What is the tens digit of 5013?
1
What is the tens digit of 27609?
0
What is the units digit of 649?
9
What is the units digit of 2380?
0
What is the units digit of 46037?
7
What is the ten thousands digit of 20425?
2
What is the hundreds digit of 1064?
0
What is the units digit of 406?
6
What is the units digit of 1132?
2
What is the units digit of 17952?
2
What is the hundreds digit of 6688?
6
What is the tens digit of 1021?
2
What is the thousands digit of 1066?
1
What is the tens digit of 7950?
5
What is the units digit of 2820?
0
What is the tens digit of 11581?
8
What is the hundreds digit of 29642?
6
What is the thousands digit of 20011?
0
What is the hundreds digit of 2676?
6
What is the units digit of 134807?
7
What is the hundreds digit of 3342?
3
What is the tens digit of 426?
2
What is the units digit of 487?
7
What is the thousands digit of 59005?
9
What is the tens digit of 3565?
6
What is the tens digit of 55?
5
What is the tens digit of 5209?
0
What is the units digit of 779?
9
What is the units digit of 15749?
9
What is the units digit of 486?
6
What is the units digit of 382?
2
What is the units digit of 1015?
5
What is the tens digit of 601?
0
What is the units digit of 3339?
9
What is the hundreds digit of 450?
4
What is the hundreds digit of 482?
4
What is the units digit of 10268?
8
What is the thousands digit of 97455?
7
What is the thousands digit of 1946?
1
What is the units digit of 49808?
8
What is the tens digit of 18728?
2
What is the thousands digit of 2285?
2
What is the hundreds digit of 1240?
2
What is the hundreds digit of 10283?
2
What is the units digit of 266?
6
What is the ten thousands digit of 15825?
1
What is the hundreds digit of 12766?
7
What is the thousands digit of 24418?
4
What is the tens digit of 1358?
5
What is the tens digit of 26719?
1
What is the tens digit of 10639?
3
What is the hundreds digit of 28143?
1
What is the units digit of 8374?
4
What is the hundreds digit of 188?
1
What is the hundreds digit of 9512?
5
What is the tens digit of 285?
8
What is the thousands digit of 19780?
9
What is the thousands digit of 14992?
4
What is the tens digit of 3314?
1
What is the units digit of 3346?
6
What is the units digi